 - 2) + 74 + -64 + 7?
14
Calculate 23 + (-9 - (13 - (21 - 1))).
21
What is -18 - (-10 + 6 + 6) - -5?
-15
What is -583 + 595 + -30 + 1?
-17
Evaluate 7 + 0 + (-5 - (-13 + -5) - 5).
15
Evaluate 0 + 1 + -5 + 3 - (-10 - -2).
7
49 + (8 - 55 - -15 - -15)
32
-8 + (2 - 3 - 11 - -1)
-19
What is 7 + (8 - (5 - 7 - -7))?
10
32 + (-5 - (4 + (-9 - -7))) + 5
30
Evaluate (5 - 1) + -22 + 51 + -56.
-23
What is -1 + -10 - -33 - 19?
3
0 - ((-12 - (-6 + -6)) + -1 + -4)
5
Evaluate (27 - 32) + (-8 - -9 - (-2 + -1)).
-1
What is the value of 15 - (-51 - -30) - 18?
18
Calculate 2 + -3 + 3 - -6 - (397 + -370).
-19
Calculate 14 + ((-4 - -7) + -32 - -16).
1
Evaluate 11 + (-18 - -3) + 5 - 6.
-5
Calculate 7 + -13 + -19 + (-8 - -6).
-27
What is the value of -45 + 29 + 14 + -28?
-30
What is the value of (-5 - 0 - (-180 + 189)) + -10?
-24
((-5 - -7) + 1 - 4) + 8 + -8
-1
Evaluate 16 + 30 + -27 - -6.
25
Calculate 2 + (8 - (3 - -7)) + -10.
-10
((-2 - 0) + 1 - -6) + -6 + 9
8
199 - 219 - ((3 - 6) + -3)
-14
Evaluate (-1 - -7) + (-16 + 5 - -8).
3
Evaluate 30 - (18 + -13 + 27).
-2
Calculate -13 + 1 - (10 - (21 - 11)).
-12
What is the value of -10 - (2 + -6 + 1 + -2)?
-5
What is 6 - -1 - (-11 - -16 - 9)?
11
Calculate 3 - ((4 - -11 - (0 - -6)) + -3).
-3
What is the value of 11 + (-6 - (1 + 16 - (9 - -2)))?
-1
What is -35 - -1 - (-45 - -30 - -6)?
-25
Calculate -18 - (-17 + 7) - -17.
9
What is the value of (-49 - -21) + (35 - 30)?
-23
Calculate 9 - (-182 + 187 + 1 + -33).
36
Evaluate (9 - 9) + (11 - 29).
-18
(18 - 36 - -13) + 2
-3
What is the value of (13 - (26 + -17)) + 0 + 4?
8
Evaluate 6 + 17 - 30 - (2 - 9).
0
What is the value of -6 + 12 + -2 + (12 - (27 - 12))?
1
What is 24 + -22 - (-1 + 20)?
-17
What is the value of 3 + 15 - -7 - (-12 - -15)?
22
-2 + (-2 - 8 - -6) - -11
5
What is the value of 13 + -2 + 43 + -37?
17
-2 - (-26 + 27 - ((3 - -5) + -2))
3
What is the value of (5 - (14 - 6)) + -2?
-5
2 + (-5 - 5) + (0 - -3) + 17
12
What is -11 + (-3 - -9 - 1) + 1 + 1?
-4
What is the value of 2 - (-9 + -5 + (-2 - -14))?
4
What is the value of 10 + -11 - ((6 - 2) + -11)?
6
What is 0 + 8 + (-4 + 2 - -2)?
8
What is the value of 13 - ((-5 - -9) + 2)?
7
What is the value of -25 + 22 - (-5 + 3 + (-2 - -2))?
-1
What is -7 + 9 + 1 + (3 - 8) + -7?
-9
14 + -43 + 22 + (0 - 5)
-12
What is (-2 - (33 + -13)) + 16?
-6
What is the value of 1 + -13 + 3 + 16?
7
(-1 - 10) + (-9 - -8) - (-2 + -7)
-3
Evaluate 1 - (-6 + (-15 - -13)).
9
What is 0 - (-8 + (6 - -1) + 8 - -4)?
-11
Calculate -1 + -10 - (156 + -69 - 66).
-32
Evaluate 22 + (-17 - -28) + -11 + -7.
15
Evaluate 1 - 7 - (221 - 243) - 6.
10
What is 4 + 10 + -14 + 8?
8
1 - 6 - (220 + -229)
4
Evaluate -16 + -4 - -5 - (-4 + -4 + 3).
-10
Evaluate (-3 - 1) + 9 - (12 - -8).
-15
Evaluate -6 + -1 + 2 + -15 + 2.
-18
What is (11 - 10) + -10 - -19?
10
What is (-10 - (1 + -1)) + (215 - 214)?
-9
Calculate (-16 - -29) + (-3 - (0 + -14 + 5)).
19
Calculate -1150 - -1166 - (-5 - 0).
21
What is -9 + (5 - (7 - (10 + 0)))?
-1
Evaluate -29 + 2 - 32 - -33.
-26
What is -1 + -12 - (-8 + (4 - 7 - -3))?
-5
What is the value of -14 + (22 - 14) + (-1 - (2 + 2))?
-11
-17 - ((-13 - -29) + -22) - (4 + 0)
-15
What is (3 - (12 - 13)) + 3 + -30?
-23
What is the value of -36 - (14 + (-12 - (8 + -8))) - -10?
-28
What is 22 - (7 + 14) - 12?
-11
-5 + 9 + (-21 - 17) - -9
-25
What is the value of -46 + 57 + -25 + 1?
-13
Calculate 2 + 0 + 2 + -2 + 5.
7
Calculate -5 + (19 - 6) - (9 - 2).
1
-78 + 59 + 13 + -1
-7
What is the value of -4 + -2 + -3 - (-26 + 35)?
-18
What is the value of (-5 + 0 - (-1 + 5)) + 163 + -191?
-37
Calculate -33 + -12 + (37 - 15).
-23
Calculate (38 - 47) + (3 - 10) + -1.
-17
Calculate -9 - 5 - -5 - -20.
11
What is the value of -36 - (-23 - (18 - -14))?
19
(-8 - -18) + 2 + 139 + -145
6
What is 6 - (24 + -7 + (-4 - -14) + -4)?
-17
40 - (1 + 30 - 3)
12
Evaluate -4 - -4 - ((6 - (3 - 3)) + -3).
-3
Evaluate 8 + 3 + 5 + -6.
10
What is the value of -172 + 171 - (-16 + 1)?
14
(7 - 8 - -3 - -2) + -5 - 10
-11
Calculate -3 + 2 + -4 + (1 - 3) + -1.
-8
What is the value of 141 - 120 - ((-3 - 1) + 4)?
21
What is -12 - (0 + -10 - (-5 - -3)) - -8?
4
Calculate (59 - 22) + 3 + -27.
13
What is 0 - (-3 - -7) - (-24 + (6 - -5))?
9
What is the value of 4 - (6 - 0) - (-41 - -42)?
-3
Evaluate (-101 - -108 - (15 - (-1 - -2))) + 9.
2
What is the value of -2 + (26 - 21) + -15?
-12
What is the value of 9 + (-4 - 2 - -3 - -1)?
7
7 - 4 - 8 - (4 - (9 + 0))
0
What is (78 - 63) + -18 + -1 - (-1 + 1)?
-4
Evaluate (-20 + 17 + -5 + -2 - 4) + 3.
-11
Evaluate -13 - (2 + -1) - (-217 - -217).
-14
What is the value of (-21 - (-33 + -6)) + -14?
4
Calculate 202 + -214 + (1 - -23).
12
(156 - 157) + -10 + 3 + 4 + -6
-10
What is the value of 23 - ((-29 - -20) + 37)?
-5
What is -10 - (-4 + (-3 - -3) + -1)?
-5
What is (12 - 7) + -14 + (12 - (-2 + 6))?
-1
What is the value of -4 + (-7 - 2 - (2 + 13 + -9))?
-19
Evaluate -17 + 27 + -11 - 9.
-10
-12 + -3 + -4 + (3 - -17)
1
Calculate 7 + -7 + (-12 - -13).
1
Calculate 0 + 26 - (8 - -8).
10
(-20 - -4) + (2 - 1) - (3 + -2)
-16
5 - 30 - (15 - 46)
6
Calculate (185 - 168) + -1 + -8.
8
Evaluate 0 + -2 + (0 - 9) - (-2274 - -2278).
-15
Evaluate 1 - 9 - (-44 + 44).
-8
What is (-9 - (-3 + 2)) + -20 + 12?
-16
Evaluate 19 - 4 - (1 - 29) - (4 - 0).
39
2 - 14 - (0 + -8 - -8)
-12
Evaluate 6 - (2 + (-13 - -7 - -4) + -3).
9
What is (43 + -87 - -58) + (11 - 0)?
25
2 + 0 + -6 + (-17 - -2) + 13
-6
Evaluate 7 + (0 - (-5 - 5 - -1)).
16
9 - 0 - ((-7 - -8) + 8)
0
Evaluate -4 - ((0 - -4) + 1 - (245 - 246)).
-10
What is 2 + 5 + -2 + 9 + 9?
23
6568 - 6581 - (7 - (1 - 0))
-19
Evaluate 13 - 6 - 2 - (-1 - (-21 - -7)).
-8
Calculate 6 - (-2 - -15) - (-11 + (4 - 0)).
0
What is the value of -8 + (-10 - (5 - (4 - (-5 - 2))))?
-12
26 - (-4 + 34 + -30 + 15)
11
What is (-1 - -4) + (-5 - -8) + 0?
6
(121 - 127) + (-2 - (15 - -4))
-27
Evaluate (-11 + 7 - -7 - -1) + (3 - 5).
2
Evaluate 7 + -16 + (-28 - -68) + -14.
17
What is the value of (-6 + 1 + 0 - (-6 + 0)) + 14?
15
What is 6 + (-17 - (12 + 2 + 1 + -8))?
-18
1 - 14 - (-4 + 4 + -4)
-9
Evaluate 1 - 5 - (-18 + 7 + 12).
-5
What is (-22 - -34) + 21 + (-3 - 5)?
25
What is the value of (2 - 4 - (3 - 15)) + -12?
-2
-16 + (-12 - -13) - -29
14
What is the value of 22 - (26 - -6 - 22)?
12
Calculate -7 - ((-3 - 3) + -3 + 14).
-12
-2 + (0 - (-5 - -5)) + 5 + 10
13
Evaluate -61 - -55 - (-18 - -10).
2
Calculate 0 + -12 + (0 - (-2 - 1) - 4).
-13
Calculate -12 + 0 - (-5 - (11 + -12)).
-8
What is the value of -4 - 1 - ((-4 - 3) + 4) - -5?
3
-2 + 3 + 3 - (137 - 130)
-3
What is (-22 - -38) + (-14 + 8 - (-1 - 10))?
21
What is the value of -1 + (1 - 0 - (-50 + 51)) + 15?
14
What is -811 + 803 + (0 - -2 - 0 - 0)?
-6
What is 11 - (1 + 11 + -16)?
15
-3 + (-3 + 5 - -2) + (22 - 4)
19
What is 29 + -20 + -7 + 19?
21
(0 - 15) + (-7 + 16 + 0 - 6)
-12
Evaluate 6 - (-8 - (14 + -21)).
7
Evaluate 18 + 17 + -26 - 6.
3
What is -51 - -35 - (4 + (-4 - 0) + 3)?
-19
3 - ((-11 - -2) + -6 + 11 + -8)
15
Evaluate (-13 - (6 - (0 + 8))) + -6.
-17
What is 1 + -2 + 2 + 0 + (2 - -8)?
11
Calculate (-15 + 14 - -2 - (1 + -2)) + 17.
19
What is 6 + -1 - (43 + -21)?
-17
Calculate 17 + -11 + -16 - 2.
-12
-3 - 0 - (-2 + 0 - (12 + -10))
1
Evaluate 23 + 0 + -31 - (-12 + 1) - -12.
15
(-7 + 0 - (-37 - -38)) + 1
-7
What is the value of (1 - 0) + -249 + 231?
-17
Calculate 7 + -7 + (-18 - -2) + 8.
-8
What is the value of -8 + -26 - (-49 + 33)?
-18
-14 + -7 + 0 + 7 + 5 - -7
-2
What is the value of 9 - 6 - (-2 + 0)?
5
What is (18 - 23) + -4 - -21?
12
What is the value of (-42 + 43 - (-1 - -8 - 1)) + 4?
-1
Calculate 0 - (-7 + (3 - 2) - -8).
-2
Evaluate -65 + 74 - (0 + -9 + (-4 - -8)).
14
Calculate (9 + (6 - 21) - -2) + -5 + 1.
-8
-58 + 59 + -22 - (-5 + -1)
-15
What is 1 + (-11 - -3) + 1177 + -1154?
16
Calculate -8 - 0 - (-1 - -3 - (1 - 3)).
-12
(-41 + 22 - -8) + 9
-2
What is 9 - (-5 - 2 - (-13 - (1 - 3)))?
5
Evaluate -20 + (32 - 14) + 2 + -11.
-11
21 + (-2 - -7 - 18)
8
What is the value of (0 - (-7 + 0 - 0) - 9) + 2?
0
What is 2 - (5 - 11 - (-2 + 2 + 2))?
10
What is the value of (8 - -1 - (-56 + 39)) + -12?
14
Calculate -25 + 1 - (-16 - (3 - (5 + 9))).
-19
Evaluate -2 - (8 - (6 - -6 - 5)).
-3
What is -3 - (10 - 18 - (1 + -10))?
-4
(-35 - (5 - 10)) + (1 - 7) + 9
-27
Evaluate 14 + (11 + (-24 - -2) - 11).
-8
-26 - -1 - (-55 + 41 - -3